+ 90, -54 = -3*k - 4*i. Calculate the remainder when 46 is divided by k.
10
Suppose 55 = 4*r - 5*a, 5*r + 22 = 3*a + 107. Let m = -22 - -36. Calculate the remainder when 7/(m/(-88) + (-3)/(-12)) is divided by r.
17
Let n = -217 + 365. What is the remainder when n is divided by 49?
1
Suppose 0 = -5*f - 2*u + 16, 0*f + 3*u - 10 = -4*f. Let z(q) = -6*q + 2. What is the remainder when z(-2) is divided by f?
2
Let w = 22 + -22. Suppose -f - 10 - 8 = w. What is the remainder when 4 is divided by ((-2)/(-4))/((-3)/f)?
1
Let p = 149 + -219. Suppose -2*k - 112 = m, -2*m - 214 = 2*k + 2. Let s = p - m. What is the remainder when s is divided by 12?
10
Let o be 5 - (15 - -1)/4. Suppose -125 = -2*h - 19. Calculate the remainder when h is divided by o/(1/(11 + 3)).
11
Let g(u) = u**3 + 10*u**2 - 14*u + 13. Calculate the remainder when 83 is divided by g(-11).
37
Suppose 4*o = -5*l + 232, 224 = 11*o - 7*o + 3*l. Suppose -2*c = 2*t - 58, -5*c - t + 56 = -3*c. Calculate the remainder when o is divided by c.
26
Let o = -26 - -52. Suppose -7*q + 5*q = 58. Let v = q - -38. What is the remainder when o is divided by v?
8
Let o = -240 + 402. Suppose 0 = 53*m - 55*m + o. What is the remainder when m is divided by 28?
25
Suppose 23*s + 76 = 260. What is the remainder when 373 is divided by s?
5
Let d = -16 - -22. Let q be (2 - 4)/(4/d). What is the remainder when 28 is divided by q - -1 - (-19 + 7)?
8
Suppose -83*i + 2565 = -64*i. What is the remainder when 519 is divided by i?
114
Suppose -8 + 74 = c. Let v(z) = -z**3 + z**2 + 5*z + 4. Let h be v(4). Let i = 41 + h. Calculate the remainder when c is divided by i.
15
Let b(k) = 268*k**2 + 2*k - 3. What is the remainder when b(1) is divided by 46?
37
Let g be (0 + 2/(-3))/((-16)/(-24)). What is the remainder when (33 - g)/((-6)/(-12)) is divided by 24?
20
What is the remainder when 124 is divided by (7/14)/((-4)/(-136))?
5
Suppose 0 = 4*i - 18 - 18. Let b = 5 - -13. Let r = b - i. What is the remainder when 25 is divided by r?
7
Let n(h) = -h**3 + 4*h**2 + 4*h + 1. Let x(v) = -3*v - 18. Let z be x(-8). Suppose -18 = -z*c + 3*c. What is the remainder when n(3) is divided by c?
4
Suppose -2*t - 4*p = -88, 88 = 2*t - 5*p + p. Let o = t - 16. What is the remainder when o is divided by 15?
13
Suppose 6*c = 3 + 15. Let v = c + 61. Suppose u + 21 = v. What is the remainder when u is divided by 11?
10
Suppose 3*r + 2*r - 20 = 0. Let b be 5/1 - r - -3. Suppose -y - b*y = -390. What is the remainder when y is divided by 16?
14
Let a(l) = -l**2 + 9*l - 2. Let s be (-6)/(3*4/(-72)). Let r = s - 6. Calculate the remainder when r is divided by a(6).
14
Suppose -602 = -5*u - 3*a, 3*u - 264 = -2*a + 97. Calculate the remainder when u is divided by 35.
16
Let w(b) = 9*b - 79. Calculate the remainder when 215 is divided by w(11).
15
Let g(n) = n**2 - 7*n + 3. Let c be g(7). Suppose -2*o = 3*w + 26 + 8, -5*o - 110 = -5*w. Let k = c - o. Calculate the remainder when k is divided by 8.
7
Let j(c) be the first derivative of c**3/3 + c**2 + 2*c - 1. What is the remainder when 2 is divided by j(-1)?
0
What is the remainder when 362 is divided by -8*(10 - (-135)/(-10))?
26
Suppose -2*y + 7*y + 145 = 2*i, -87 = 3*y - 3*i. Let q = 5 - y. Suppose -19*z - 180 = -29*z. What is the remainder when q is divided by z?
16
Suppose -5*a - 11 + 46 = 0. What is the remainder when 376 is divided by a?
5
Suppose 21*z - 557 - 73 = 0. What is the remainder when 45 is divided by z?
15
What is the remainder when (10/(-4))/((-22)/572) is divided by 23?
19
Suppose 0 = -43*q + 1119 + 1332. Calculate the remainder when 797 is divided by q.
56
Let s = -243 + 173. Let i = 98 + s. Calculate the remainder when 83 is divided by i.
27
Suppose 14*u - 1325 - 855 - 46 = 0. Suppose 0 = -6*h + h + 160. What is the remainder when u is divided by h?
31
Suppose -x + 0*x = 6. Let k(f) = -2*f**2 - 13*f + 5. Let v be k(x). Let y = v - 4. What is the remainder when y is divided by 3?
1
Let h be (0 - -3) + -3 - -2. Suppose -h*o = -3*z + 5, 4*o + 60 = -z - 3*z. Let q = 55 - o. Calculate the remainder when q is divided by 22.
21
Suppose -n + 2 + 35 = 0. Suppose 4*i - 57 = -5*w - 0*w, 0 = i - 3*w - 10. Calculate the remainder when n is divided by i.
11
Suppose -4*o - 17 = -2*j - 7, -2*j = o - 10. Suppose y + g = 14, j*y - 70 = 7*g - 2*g. Let h = -7 + y. Calculate the remainder when 33 is divided by h.
5
Suppose 4*o - 12 - 8 = 0. Suppose -2*s - 72 = -2*y, 3*y + s - 173 = -53. Calculate the remainder when y is divided by o.
4
What is the remainder when 13 is divided by ((-301)/(-86))/(2*(-2)/(-8))?
6
Let h(q) = q**2 - 6*q - 74. Calculate the remainder when 131 is divided by h(-7).
12
Let d = -1210 - -1218. Calculate the remainder when 279 is divided by d.
7
Suppose -4*s = -8 - 20. Suppose -4*l = -184 - 212. Suppose l = 3*o + 27. What is the remainder when o is divided by s?
3
Suppose c - 6 = -2*b, -9*b = -3*c - 13*b + 20. Calculate the remainder when 94 is divided by c.
6
What is the remainder when 678 is divided by (-1)/4 - (6259/(-44) + 5)?
130
Let r = 9 - 7. Suppose r*q - 24 = 4*q - p, 0 = q + 4*p + 30. Calculate the remainder when 38 is divided by (-4)/q + (-623)/(-49).
12
Let y = 1948 - 1294. Calculate the remainder when y is divided by 66.
60
Suppose -21*s + 6*s + 180 = 0. What is the remainder when 47 is divided by s?
11
Suppose 4*b = 9*b - 3*f - 81, 5*f - 5 = -b. Calculate the remainder when 119 is divided by b.
14
Let k = 458 + -139. Calculate the remainder when k is divided by 46.
43
Let v be 2/3*18/(-30)*5. Let h be (-56)/6 + (-2)/3. What is the remainder when 18*(h/(-4) + v) is divided by 5?
4
What is the remainder when 484 is divided by -6 - 100/(-16) - 92/(-16)?
4
Let m = -9 - -20. Let s = -65 + 108. Let j = s - 0. What is the remainder when j is divided by m?
10
Suppose -11*u - 120 = -13*u. Suppose -2*o = -t + 1 - 3, 0 = t - 4*o. Calculate the remainder when u is divided by (3 - -9)/((-3)/t).
12
Suppose 21*k = 27*k - 114. Calculate the remainder when k is divided by 9.
1
Let a = 786 + -763. Suppose -5*g + 46 = -19. What is the remainder when a is divided by g?
10
Let i = 4 - 8. Let l(k) = -k**3 - 2*k**2 - 3*k - 6. Let s be l(-3). Calculate the remainder when 17 is divided by (18/i)/((-9)/s).
5
Suppose 5*i - 3*i - 36 = 0. What is the remainder when 71 is divided by i?
17
Let i = 148 + -48. Suppose -5*c - 4*o = -c - 92, -2*o + i = 5*c. What is the remainder when 141 is divided by c?
15
Suppose 8*a - 194 = 278. What is the remainder when a is divided by 16?
11
Suppose u + 5*v = 35, -37 = -3*u + 2*u - 3*v. What is the remainder when 118 is divided by u?
38
Let w = 17 + 1. Let c(t) = -7*t**3 + t**2 + t - 1. Let r be c(1). What is the remainder when ((-2)/(r/(-39)))/(2/(-8)) is divided by w?
16
Let v = 27 + -29. Let b(m) = -2*m**3 - m**2 + 3*m + 2. Calculate the remainder when b(v) is divided by 2.
0
Let t(f) = 45*f**2 + 8*f - 29. What is the remainder when t(2) is divided by 17?
14
Let r = 53 - 93. Let m = r + 37. Calculate the remainder when 13 is divided by (-14)/(-3 - (m - -2)).
6
Suppose 0 = 5*f - 899 - 646. What is the remainder when f is divided by 63?
57
Let p(l) = -l**2 + 8*l - 2. Suppose 5*a + 2 + 18 = 0. Let j = a + 11. Calculate the remainder when 6 is divided by p(j).
1
Suppose 4*m = -5*g + 216, -5*m + 4*g + g + 225 = 0. Let x = m + -34. What is the remainder when 59 is divided by x?
14
Let b be 16/(-72) + 2*(-94)/(-36). Suppose -b*y = 3*j - 1357, j = -0 + 4. Calculate the remainder when y is divided by 54.
53
Let h be (-94)/(2/(-4)*2). Suppose -3*u = -221 - h. Suppose 114 = 5*t + 24. What is the remainder when u is divided by t?
15
Let q be 224/(-49) + 5 + 963/7. Suppose 3*z - 108 = 3*j, 0*z + 4*z - j - q = 0. What is the remainder when z is divided by 9?
7
Let w = 397 + -369. Calculate the remainder when 307 is divided by w.
27
Let i = 1 - -8. Let g = i - 4. Suppose -g*o + 85 = 30. Calculate the remainder when 52 is divided by o.
8
Calculate the remainder when 45 is divided by 6 + ((-48)/18)/((-10)/(-15)).
1
Suppose m = 3*u + 6, -u - 1 = -0. Suppose 145 = m*x - 2*a, 3*x - 74 = -3*a + 46. Suppose x = 4*j + 1. What is the remainder when j is divided by 7?
4
Let i = -60 + 14. Let u = i + -19. Let y = u + 132. What is the remainder when y is divided by 23?
21
Supp